 = 671 + o. Calculate the remainder when n/11 + 18/(-99) is divided by 17.
11
Let w = 761 - 1078. Let n = -220 - w. Calculate the remainder when n is divided by 11.
9
Let c = -461 + 572. Suppose -622 = -4*k + 5*n, -4*k + 604 = -c*n + 115*n. Calculate the remainder when k is divided by 6.
3
Let l be (-141)/235 - 5634/10. Calculate the remainder when l/18*6/(-4) is divided by 21.
5
Let w = 22288 - 22183. Suppose 3*z - 138 = -5*h, 0 = 4*h + z - 83 - 26. Calculate the remainder when w is divided by h.
24
Suppose -136671 = -194*u + 483252 + 77701. Calculate the remainder when u is divided by 258.
242
Let a be 5 + 8/6*-12. Let c(p) = p**2 + 7*p - 33. Calculate the remainder when 18 is divided by c(a).
7
Let n(i) = -12*i - 30. Let u = -24 - -26. Calculate the remainder when n(-9) is divided by (9/u)/((-7)/(-42)).
24
Suppose 5*p = -4*o + 104, 331*o = 328*o + p + 59. Suppose 3*q - 185 = -2*q. What is the remainder when q is divided by o?
16
Suppose 3*w - 63 = -3*b + 6*b, -2*b = 2*w - 22. Suppose -w = z - 22. What is the remainder when 34 is divided by z?
4
What is the remainder when 1468 is divided by -12 - (-15 + 14)*54?
40
Suppose -107 = -3*s + l, -4*l - 45 = -4*s + 87. Suppose s + 31 = 17*w. What is the remainder when 82 is divided by w?
2
Let z(f) = 1014*f - 1571. What is the remainder when z(14) is divided by 22?
19
Let x = 24579 - 23935. Calculate the remainder when x is divided by 34.
32
Suppose 0 = k - 6*k + 100. Let p(n) = 4*n + 25. Let y be p(17). Suppose -y - 219 = -4*c. Calculate the remainder when c is divided by k.
18
Let h(r) = 2*r**2 - 22*r + 22. Let z be h(10). Suppose -98 = -z*d - 0*d. What is the remainder when d is divided by 14?
7
Let c(v) = 7*v**2 + 17*v + 19. Let l(r) = 2*r**2 - 3*r**2 - 5 + 4 + r. Let y(x) = c(x) + 6*l(x). What is the remainder when y(-25) is divided by 23?
17
Let b be 3*(-5)/(-15)*2. Let r be (-4 - (-9 + b)) + 19. Let q = 7 + r. What is the remainder when 84 is divided by q?
26
Let o(f) = f**3 + 22*f**2 - 11*f + 8. Calculate the remainder when o(-12) is divided by 36.
32
Suppose 0 = -5*p - 5*v + 4*v + 21, 4*v = -4*p + 20. What is the remainder when (2 - 184/(-40)) + (-6)/(-15) is divided by p?
3
Suppose 0 = -2*s - 194 - 100. Let f = s - -229. Calculate the remainder when f is divided by 28.
26
Let g(s) = 29*s**2 - 73*s + 75. Let d be 0 + 9 + 2/(-1). Suppose -u - d = -15. Calculate the remainder when g(1) is divided by u.
7
Let p = 337 + -339. Let c = p + 46. What is the remainder when 167 is divided by c?
35
Let n(x) = -x**2 - 5*x + 16. Let b be n(-7). Calculate the remainder when 57 is divided by b/3*120/4.
17
Suppose 0 = -h - 2*y + 322, -45 = -2*h - 3*y + 597. Calculate the remainder when h is divided by 66.
54
Let a(t) = t**2 + 7*t + 31. Suppose 7*o + 2*r - 16 = 9*o, 5*o + 4*r = -31. What is the remainder when 154 is divided by a(o)?
30
Let i = 61 + -35. Let a = 358 + -309. Calculate the remainder when a is divided by i.
23
Let x = 17 + -9. Let d = -109 - -105. What is the remainder when ((-70)/24 + d/(-6))*-8 is divided by x?
2
Let q(l) = -l**3 - 2*l**2 + l - 1. Let p be q(-3). Suppose 3*d = 5*m + 62, -p*d - 4*m = -0*m - 91. What is the remainder when 73 is divided by d?
16
Suppose 4*f - 96 = 28. Let n = -121 - -112. What is the remainder when f is divided by 66/n*1*39/(-26)?
9
Let u(r) = -5*r - 2. Let h = 3 + -5. Suppose o - 3*i - 65 + 23 = 0, -5*o + 192 = -6*i. Calculate the remainder when o is divided by u(h).
4
Let d(s) = 7*s**3 + s**2 + s - 9. Let k = -356 - -359. What is the remainder when d(k) is divided by 13?
10
Calculate the remainder when 577 is divided by 20/5 - ((-6)/2 - 13).
17
Let n(l) = -4*l**2 - 16*l + 3. Let q be n(-4). Suppose -2*h - q = -53. What is the remainder when h is divided by 1/(-4) + (-488)/(-32)?
10
Suppose 0 = 76*m + 53 - 357. What is the remainder when 3982 is divided by m?
2
Let m(z) be the first derivative of -45*z**2/2 + 101*z + 26. Calculate the remainder when m(-3) is divided by 40.
36
Let n be (0 + (-9)/(-12))/((-3)/(-216)). Let d = -35 + n. Calculate the remainder when 66 is divided by d - ((-196)/(-105) - 4/(-30)).
15
Let b = -2 + 4. Suppose 0 = -3*r - b*r + 10, r - 184 = -2*z. Let y(x) = -x**3 - 5*x**2 + 2*x - 1. Calculate the remainder when z is divided by y(-6).
22
Suppose u + 126 = 19*u. Suppose 0 = 2*l - p - 15, -12*l + u*l = 5*p - 45. What is the remainder when 59 is divided by l?
3
Calculate the remainder when 333 is divided by (-42*1*-1)/(15/(-75)*-10).
18
Let o be 4/(4 - -16)*85. Suppose -o*f - 15 = -185. Suppose q + 5 - 26 = 2*g, q + 2*g = 17. Calculate the remainder when q is divided by f.
9
Let l be 75/(-10)*(-3 + 7/3). Suppose -2*s + 2*g - 25 + 125 = 0, l*g = 10. Calculate the remainder when s is divided by 15.
7
Let l(r) = 107*r + 1142. What is the remainder when 2875 is divided by l(-10)?
67
Let u = 14049 - 12999. What is the remainder when u is divided by 150?
0
Let j(p) = 20*p**3 - p**2 + 2*p - 1. Suppose -27*f = -23*f - 4. Let d(t) = -t**3 - 4*t**2 + 13*t + 7. Calculate the remainder when d(-8) is divided by j(f).
19
Let m = 9541 - 9402. What is the remainder when m is divided by 111?
28
Suppose 5*z = 3*f + 716, 6*f = 8*f - 6. Suppose -h + 261 = 4*u, -2*u + 3*h = -z + 4. Calculate the remainder when u is divided by 12.
6
Suppose 42 = -4*o + 3*h - 0*h, -2*o = h + 16. Suppose 0 = -6*v - 2*v + 136. What is the remainder when (-2)/o - (-1202)/18 is divided by v?
16
Let r(p) = 6*p**2 + 11*p - 134. What is the remainder when 475 is divided by r(6)?
31
Suppose 114*y - 324 = 78*y. Let a(t) = t + 1. Let p be a(2). Calculate the remainder when ((-7)/(-3))/(p/18) is divided by y.
5
Let d(j) = -2*j**2 - 26*j + 31. Let b be d(-14). Let x(t) = 6*t**b - 4 + 19*t - 15*t - t**2 - 2*t**2. Calculate the remainder when x(2) is divided by 11.
7
Suppose -x = -5*x - 1908. What is the remainder when 111 is divided by -4 + x/(-21) + 4/14?
16
Let z(f) = -f**3 + 25*f**2 + 117*f + 18. What is the remainder when z(27) is divided by 43?
42
Let y be (-5698)/(-4) + 10/(-20). Let o = y - 1229. What is the remainder when o is divided by 4/6 + (-64)/(-3)?
19
Suppose 2*m = 121 + 147. Suppose -m + 34 = -5*i. Suppose 2*j - a = 50, 4*a - 33 = -3*j + i. What is the remainder when j is divided by 5?
3
Let z = -70 + 116. Calculate the remainder when (4 - (-2 - -6))*1 - -86 is divided by z.
40
Let f = 209 + -139. Suppose -78 + f = -4*x. Calculate the remainder when 27 is divided by x.
1
Let f(t) = -4*t**3 + 57*t**2 - 27*t - 22. What is the remainder when f(13) is divided by 24?
16
Let x = -149 + 192. Suppose -4 = 2*n + 3*s - 67, 2*n - s = x. What is the remainder when 40 is divided by n?
16
What is the remainder when 201 is divided by 6318/(-273)*42/(-9)?
93
Let s = -30 - -51. Let m be 1 - 2/(12/30). What is the remainder when m/(-22) + (-1974)/(-33) is divided by s?
18
Let o(a) = 11*a**2 + 186*a - 13. Let f(t) = t + 4. Let b be f(-4). Let m = b + 2. What is the remainder when o(-17) is divided by m?
0
Let d = 21 - -10. Let z = 223 - 221. Suppose 2*m - 194 = 4*w, -w - 276 = -z*m - m. Calculate the remainder when m is divided by d.
29
Suppose 37*o - 36*o - 56 = 0. Let j = 73 - o. Calculate the remainder when 58 is divided by j.
7
Let q = 31095 - 30811. What is the remainder when q is divided by 89?
17
Let q(b) = -b**2 + 17. Let m(i) = i**3 - 7*i**2 + 8*i - 7. Let c be m(6). What is the remainder when (5/(c/(-4)))/(-2) is divided by q(4)?
0
Suppose -31*y - 43*y - 12*y + 1462 = 0. Calculate the remainder when 5303 is divided by y.
16
Let a = 173 + -171. Let g(k) = 57*k - 23. Calculate the remainder when g(a) is divided by 31.
29
Let h be (5 - (-9)/(-2))*2. Suppose -18*n = -143 - h. What is the remainder when 11 is divided by n?
3
Suppose 2*j - 5 = j. Let a = -427 + 501. Calculate the remainder when a is divided by j.
4
What is the remainder when -1*1*(-132 - 1) is divided by (7225/34)/25 - 3/(-30)*-5?
5
Suppose 7*z - 121 + 85 = 167. Calculate the remainder when 46 is divided by z.
17
Let d(t) = t**3 + 13*t**2 + 2*t - 2. Suppose 81*v + 148 = 3955. What is the remainder when d(-7) is divided by v?
43
Let h(w) = -w**2 + 3*w + 32. Let j be h(7). Suppose i = -j*p + 12, 6*p - 7*p = 4*i - 123. Calculate the remainder when 61 is divided by i.
29
What is the remainder when 438 is divided by (706*(-6